+ -30. List the prime factors of n.
2, 13
Let u(i) = -i**2 + 10*i - 1. Let m be u(6). Suppose -2 = -5*f + m. Suppose -1 = 3*c - 4*k - 97, 0 = -2*c + f*k + 71. List the prime factors of c.
2, 7
Let h = 93 + -101. List the prime factors of h/(-28) + 4641/49.
5, 19
Let z(a) = 4*a**2 + 4. Let d be z(2). What are the prime factors of 1445/d - ((-10)/(-8) + -2)?
73
Let t(y) = 4 + 15*y - 2 + 0*y. Let j be t(2). List the prime factors of (j/(-12))/2*-18.
2, 3
Let h(t) = 71*t + 1. Let w(o) = -o**2 + 12*o + 12. Let c be w(13). Let j be h(c). Let f = 101 + j. What are the prime factors of f?
31
Suppose 38*t + 7617 = 49949. What are the prime factors of t?
2, 557
Suppose 1 - 97 = 3*i. Let r = i + 65. What are the prime factors of r?
3, 11
Let d be 0 - 1/1*-3. Suppose -z - d*z = -80. Let o = z - 3. What are the prime factors of o?
17
Suppose -5*k - 4*q = -494 - 674, 3*k - 4*q - 720 = 0. What are the prime factors of k?
2, 59
Let z = -770 + 1643. What are the prime factors of z?
3, 97
Let n = -21 + 17. Let v(k) = -9*k + 16. List the prime factors of v(n).
2, 13
Let b(t) = 51*t + 124. List the prime factors of b(11).
5, 137
Let t(n) = -42*n**3 - 2*n**2 - n. Suppose -5*l + 3*r = -10, r = -5*l + 3*r + 5. What are the prime factors of t(l)?
41
Let z = 1941 - -156. What are the prime factors of z?
3, 233
Let c(q) = -q + 3. Let o be c(0). Let r be ((-1)/o)/((-3)/(-531)). Let s = r - -82. List the prime factors of s.
23
Let r(c) = -3*c - 13. Let g be r(-6). Suppose 0*n - g*n + 205 = 0. Suppose t - 4*v - 20 = 0, t + 3*v = -0*v + n. List the prime factors of t.
2
Let b(a) = 147*a - 631. What are the prime factors of b(19)?
2, 23, 47
Let g = 2700 + -1849. List the prime factors of g.
23, 37
Suppose 2*u = 9*u - 21. List the prime factors of u/2 - (-5634)/36.
2, 79
Let d(x) = 360*x + 17. What are the prime factors of d(1)?
13, 29
Suppose 3*v = -4*i + 15, -4*i - v - v = -10. Suppose i = 4*f - 50 + 18. List the prime factors of f.
2
Let y(s) = s**2 + s + 1. Let d(h) = 8*h**2 - 21*h + 12. Let p(m) = d(m) - 5*y(m). What are the prime factors of p(11)?
2, 3, 7
Suppose 8*c = 4*c + 76. Let s = -17 + c. Suppose s*i - 2*a = 3*a + 33, 5*i + 3*a - 160 = 0. What are the prime factors of i?
29
Let k(x) = -x**2 + 3*x - 1. Let p(m) = m - 9. Let b be p(11). Let v be k(b). Suppose 0 = -2*i + v + 3. What are the prime factors of i?
2
Let s be (-4)/6*(-3 + 90/12). What are the prime factors of 13*(s + 1 - (-30)/6)?
3, 13
Let d(m) = -61*m + 3. What are the prime factors of d(-2)?
5
Let h(q) = -q**2 - 42*q + 3049. List the prime factors of h(0).
3049
Suppose 0 = g - 8 + 9, -3*g - 5067 = -4*n. List the prime factors of n.
2, 3, 211
Let o = 10 + -9. Let c = o + 4. Suppose 238 = c*z + 13. List the prime factors of z.
3, 5
Let z = 4807 - 2959. List the prime factors of z.
2, 3, 7, 11
Suppose 430 = 5*o - 15. Suppose 317 - o = 4*k. List the prime factors of k.
3, 19
Suppose 3*a - 32 = -a. Suppose 0 = -10*s + a*s + 38. What are the prime factors of s?
19
Suppose 0 = u + 3*b - 1451, -2*u - 22*b + 2922 = -21*b. What are the prime factors of u?
7, 11, 19
Suppose -461 = 2*v - 1911. List the prime factors of v.
5, 29
Suppose 4*m = 5*o + 206, 5*m - 280 = -7*o + 2*o. What are the prime factors of m?
2, 3
Suppose 0 = 4*f - 0*f - 92. Suppose u = s + f, 4*u + 72 = 7*u - 4*s. What are the prime factors of u?
2, 5
Let r(s) = s**2 - 55 - 3*s + 3*s + 7*s + 2*s. What are the prime factors of r(-21)?
197
Suppose 48*t = 38*t + 10110. List the prime factors of t.
3, 337
Let w(s) = -29*s**2 - 35 + 30*s**2 - 3*s + 10*s. List the prime factors of w(-15).
5, 17
Let b be (-11 - -5)*(-2)/3. Let z be ((-6)/b)/(21/(-70)). Suppose 185 = z*o + 40. List the prime factors of o.
29
Let f = -61 - -40. Let x = f + 57. List the prime factors of x.
2, 3
Let c = 2555 + -389. What are the prime factors of c?
2, 3, 19
Suppose -3*i = 5*a + 225 + 69, -3*a = -4*i + 188. Let o = a - -157. List the prime factors of o.
97
Let n be (288/(-84))/((12/(-21))/2). Suppose -8*b = -n*b + 776. List the prime factors of b.
2, 97
Suppose 133 = z - o - 31, o = 4. Suppose 0*x + 4*x - z = 0. What are the prime factors of x?
2, 3, 7
Let a be -1 + 4/2 + 1. Suppose i = -m + 12, a*i - 6*i + 53 = 5*m. Let y(z) = z**3 - 8*z**2 + 11*z - 8. List the prime factors of y(i).
2, 5
Let h(s) = -s - 7. Let t be h(-6). Let w = 3 + t. Suppose v + 3*v = w*p - 22, p + 4 = -3*v. What are the prime factors of p?
5
Let q be 2/((-22)/(-6) - (-1 - -4)). Suppose -5*b - 149 = -2*o + o, q*b - 3 = 0. What are the prime factors of o?
2, 7, 11
Let q(t) be the third derivative of t**4/8 + t**3/3 - 34*t**2. What are the prime factors of q(6)?
2, 5
Let z(a) = -a**2 + 11*a + 9. Let l = -1 - -6. Suppose -l*p + 70 = 25. List the prime factors of z(p).
3
Let r be 8/28 + 99/21 + -1. Suppose 6*t - r*t = 290. List the prime factors of t.
5, 29
Let l(g) = g**2 + 15*g + 68. List the prime factors of l(-20).
2, 3, 7
List the prime factors of 3 + 0 + -14 + 3234.
11, 293
Let f(i) = -14*i + 187. Let h be f(13). Suppose 15 + 223 = 2*p. Suppose -26 = -h*v + p. List the prime factors of v.
29
Let v be 20/9 - (-4)/(-18). Let m(c) = -c + 16. Let q be m(12). What are the prime factors of 1/v - (-110)/q?
2, 7
What are the prime factors of 1101/(4/22 + 72/88)?
3, 367
Suppose 4*v = 6 + 6. Suppose 2 + 16 = v*b. Suppose -5 = p, -s + 2 = b*p - 3*p. What are the prime factors of s?
17
Let b = -5 + 13. Let h = 24 - b. What are the prime factors of h?
2
Let a = 1668 - 380. What are the prime factors of a?
2, 7, 23
Let q be (-82)/(-6) - 3/(-9). Let m = -5 - -9. Suppose 0 = m*r - 86 + q. List the prime factors of r.
2, 3
Let p(i) = -2*i**3 - 13*i**2 - 8*i + 18. Let s be p(-8). Let x = s - 181. What are the prime factors of x?
3, 31
Suppose 4*a = -3*j + 2*a + 113, 5*j = 5*a + 230. List the prime factors of j.
41
Let v(t) = 11*t**3 + 3*t**2 - 6*t - 7. List the prime factors of v(4).
7, 103
Let q be 4/30 + 1169/(-105). Let b = -5 - q. Suppose -3*j - b = -m, 4*j = -3*m + 3*j + 48. List the prime factors of m.
3, 5
Let q(d) = d**2 - d - 84. What are the prime factors of q(-13)?
2, 7
Let d = 257 + 662. What are the prime factors of d?
919
Let u(a) = -a**2 + 3*a + 4. Let l be u(4). Suppose l = -7*h + 2*h + 20. Suppose c = h*c + 4*g - 99, 0 = 3*g. What are the prime factors of c?
3, 11
Let o be (-3 - (-1 + 0))/(10/(-180)). Suppose 0 = -5*j + 7*j - o. What are the prime factors of j?
2, 3
Let z(m) = -844*m**3 + m**2. Let i be z(-1). Suppose 0 = -4*v + 3*c + i, -4*c + 824 = 4*v - 0*v. List the prime factors of v.
11, 19
Let a = -18 - -20. Suppose 0 = -a*f, -7*y + 120 = -3*y + 5*f. What are the prime factors of y?
2, 3, 5
Let c be (186*-2)/(-11 + 10). Let a = c + -150. Suppose 2*j = -4*j + a. What are the prime factors of j?
37
Suppose 5*h + 10 = 0, -h + 31 = a + 1. Let q = 66 - a. What are the prime factors of q?
2, 17
Let f(h) = -h**3 - h + 2. Let k be f(0). Suppose 27 = k*u + 15. What are the prime factors of u?
2, 3
Let o = -7 - -9. Let x(v) = -14*v + 21*v - 3 + o. What are the prime factors of x(6)?
41
Let t be (-6)/(-4) - (-316)/8. Suppose -4*l - m = m - 30, -5*l + m + t = 0. Let b = 27 + l. What are the prime factors of b?
5, 7
Suppose 0*b - 83 = -b - 2*y, -5*b + 2*y + 463 = 0. List the prime factors of b.
7, 13
Suppose -2*h + 908 = 2*h + 4*u, 0 = h - 2*u - 233. Let l = h + -125. List the prime factors of l.
2, 13
Suppose -2*u - 4*l = 36, -u + 5*l + 2 = 3*l. What are the prime factors of 20/(-3 - u) - (-1 - 188)?
193
Suppose 7*d - 5320 = -13*d. What are the prime factors of d - 0 - 5/(15/12)?
2, 131
Let m(a) = -2*a**2 + 21*a - 48. Let i be m(4). Suppose 2 = 2*n - n. Suppose n*b = i*g + 24, -2*g = 5*b + g - 73. List the prime factors of b.
2, 7
Let u(r) = -1 + 10*r**2 + 3*r + 1 - 1 + 7. What are the prime factors of u(-2)?
2, 5
Let b = -21 + 1817. List the prime factors of b.
2, 449
Let a(t) be the second derivative of -t**5/20 - 4*t**4/3 - 5*t**3/6 + 29*t**2/2 - 11*t. List the prime factors of a(-16).
109
Suppose 3*i + 4 = 52. Let n = i + 14. What are the prime factors of n?
2, 3, 5
Suppose 3*d - 5*d = 2*h - 6, -5 = -4*h + 3*d. List the prime factors of h + -68*(-1 + -2).
2, 103
Suppose y + 2*j - 881 - 230 = 0, 4*j = -4*y + 4444. What are the prime factors of y?
11, 101
Let t(h) = -3 - h**2 - 9*h - 10 + 8. Let c b